e prime factors of f.
283
Let i(r) = -r**2 + 13*r + 32. What are the prime factors of i(10)?
2, 31
Suppose -904 = -o - 5*d, o = -2*o + d + 2664. List the prime factors of o.
7, 127
Let m(k) = -k**3 - 8*k**2 - 14*k - 22. List the prime factors of m(-10).
2, 3, 53
What are the prime factors of (72/(-14))/(3510/441 + -8)?
2, 3, 7
Let s(g) = -g**3 - 14*g**2 - 15*g - 3. Let j be s(-8). What are the prime factors of 1 + 3 + -9 - j?
2, 131
Let g = 1273 + -541. List the prime factors of g.
2, 3, 61
What are the prime factors of 4*(-4372)/(-112) + (-2)/14?
2, 3, 13
Let f = 0 + -1. Let x = -145 - -142. What are the prime factors of ((3 - 4) + x)/f?
2
Let b = 779 + -376. List the prime factors of b.
13, 31
List the prime factors of (-1688)/(-20) + ((-24)/20)/3.
2, 3, 7
Let s be ((-32)/(-40))/(6/45*3). Suppose -4*y - 6*i = -2*i - 372, -3*i + 190 = s*y. List the prime factors of y.
89
Let u = 353 - -1440. What are the prime factors of u?
11, 163
Let b = 293 - 172. List the prime factors of b.
11
Let h(v) = -v + 5. Let s be h(2). Suppose j = -s*z + 160, 46 = 2*z - j - 59. List the prime factors of z.
53
Suppose 2*b = 2*j - 188, 5*j - 8*j = -b - 276. List the prime factors of j.
7, 13
Suppose 42 = 4*k - 2*o, k + 0 + 2 = -2*o. Suppose -3*n + n = -8. Suppose -k = -2*d + 4*d, 0 = -g + n*d + 27. What are the prime factors of g?
11
Suppose 2*o - j = -1, 1 = 3*o - 6*j + 2*j. List the prime factors of (13 - 18)/(1/o).
5
Let b = -887 - -1933. What are the prime factors of b?
2, 523
Let u(t) = -2*t**2 - 2*t. Let b be u(-1). Let l(p) = 3*p**3 - p**2 - p + 147. List the prime factors of l(b).
3, 7
What are the prime factors of 163/(((-18)/3)/(36/(-6)))?
163
Let r(w) = -w**3 - 12*w**2 - 11*w - 14. Let o be r(-11). Let y be 4 - 7/(o/(-4)). Suppose -y*z = -4*z + 92. What are the prime factors of z?
2, 23
Let y = -29 - -520. What are the prime factors of y?
491
Let s(j) = -j**3 + 15*j**2 - 12*j - 3. Suppose -14*q = -15*q - 4. Let t be q*-14*1/4. List the prime factors of s(t).
5
Suppose q - 1 = -2*l, -4*l + q = -4*q - 23. Let y(i) = -2*i - 5. Let h be y(-5). Suppose -2*d + 5 = -p, h*p + 8 = l*d + 23. List the prime factors of p.
5
Suppose -5*n = -10 + 40. Let i be (-121)/(-22) + n/4. Suppose 0 = i*a + 2*d - 2, -1 - 6 = -4*a - d. What are the prime factors of a?
3
Suppose 4*h - 1 = 3. What are the prime factors of (-8 - -9)/(h/31)?
31
List the prime factors of (23/(-3)*9)/((-1)/54).
2, 3, 23
Suppose 861 + 2585 = 2*c. List the prime factors of c.
1723
Suppose 4*o - g + 509 = 2*g, -5*g = 4*o + 549. Let c = o + 195. What are the prime factors of c?
2
List the prime factors of (7/(-21))/(2/(4980/(-1))).
2, 5, 83
Let j(w) = 2*w**3 + 3*w**2 - w - 2. Let m be j(3). List the prime factors of 4 - m/(-3 + 1).
2, 3, 7
Let n(i) = i**2 + 17*i - 21. Let z be n(-19). Let l = 76 - z. What are the prime factors of l?
59
Let h be (5/((-20)/12))/(-1). Suppose 0 = -h*p + 35 + 52. What are the prime factors of p?
29
Suppose -16*s + 4047 = 3*s. What are the prime factors of s?
3, 71
Let b = 185 + -125. List the prime factors of b.
2, 3, 5
Let p(w) = -1602*w + 5. List the prime factors of p(-1).
1607
Let w = 225 + -32. List the prime factors of w.
193
Suppose -5017 = -116*v + 114*v + y, -3*v - 4*y = -7531. What are the prime factors of v?
13, 193
Let n(i) = 308*i - 353. List the prime factors of n(5).
1187
Suppose -22 = -5*s + 2*i, 0 = -i - 2 + 1. Suppose -l = s*l - 260. List the prime factors of l.
2, 13
Let a = 142 + -35. Suppose -t + a = -19. What are the prime factors of t?
2, 3, 7
Let u = -6657 + 10117. List the prime factors of u.
2, 5, 173
List the prime factors of 4/30 - (-95124)/45.
2, 7, 151
Let q = -39 - -41. Suppose 5*v = q*v + 2*a + 304, -3*a + 181 = 2*v. List the prime factors of v.
2, 7
Suppose 5*n + 69 = 9. Let r be -297*((-136)/n - -4). List the prime factors of r/(-60) + 2/20.
2, 19
Suppose f + 763 = 4*y, -4*f = -4*y - 181 + 941. What are the prime factors of (y - 0)/(1 - 0)?
191
Let u(x) = 463*x + 102. List the prime factors of u(4).
2, 977
Let o(u) be the third derivative of -u**6/120 + u**5/12 + u**4/4 + u**3 - 11*u**2. Let s(h) = -h. Let z be s(-6). What are the prime factors of o(z)?
2, 3
Let q be 3/5 + 22/5. Suppose -6 = -5*o + p + q, 2*p = 5*o - 12. Suppose -u + 18 = o*f, 0 = -u - f + 3 + 17. What are the prime factors of u?
2, 11
Suppose -5*c + 540 = -14*c. List the prime factors of (-3 - 9608/c) + (-8)/60.
157
Let b(r) = r**2 - 11*r + 3. Let f be b(11). Suppose -5*x + f*x = 42. Let q = x + 31. What are the prime factors of q?
2, 5
Let b(u) = 6 - 16 + 6*u + 9. Let a be (-8)/(-4) + 2 + 0. What are the prime factors of b(a)?
23
Let m be 4 + -1 + -6 - -45. List the prime factors of (-18)/m + 702/21.
3, 11
Suppose o + 90 - 1096 = 4*a, -3964 = -4*o + a. Suppose -m + o = m. List the prime factors of m/20 + (-1)/(-4).
5
Let m = 3494 + -2200. What are the prime factors of m?
2, 647
Suppose -4*c = 2*h + 3*h + 20, 4 = -h + 3*c. Let u be h/(-10)*(-30)/(-6). List the prime factors of u/(-7) + 596/28.
3, 7
Let p be ((-2)/(-2))/((-6)/66). Let u(j) = -2*j + 2. Let r be u(p). What are the prime factors of 5/(10/r) + 1?
13
Let s(o) = -3*o**3 - 5*o**2 + 3*o. Let g be s(3). Let n = g + 190. What are the prime factors of n?
73
Suppose -4*u - 3*l + 5346 + 3103 = 0, -u + 4*l = -2117. List the prime factors of u.
2113
Let x(n) = -n - 3. Let v be x(-3). Suppose 0 = -v*c - c + 104. Suppose -4*m = -0*m - c. What are the prime factors of m?
2, 13
Let j(v) = v**3 + 8*v**2 + 7*v + 2. Let z be j(-7). Suppose 4*o - 7*o + 27 = 0. Suppose -1 = -z*r + o. What are the prime factors of r?
5
Let x(r) = r + 4. Let i be x(7). Let l(b) = -1 - 5*b + 2*b - i*b - 9*b. List the prime factors of l(-2).
3, 5
Suppose 19*f + f - 2820 = 0. What are the prime factors of f?
3, 47
Let s(d) = 3*d**3 + d**2 + d + 1. Let u be s(-1). Let q be (6/(-2) - u)*-2. Suppose 100 = q*i + 2*i. What are the prime factors of i?
5
Let i be (-7)/(-3) + 8/(-24). Let f be (0 + i)/(2/(-25)). Let v = f + 44. What are the prime factors of v?
19
Suppose -2*s + 31 = -s + 5*q, -s + q = -37. Suppose 21*k = 20*k + s. List the prime factors of k.
2, 3
Suppose s = 4*s - 12. Suppose -2*y + s*y = -190. Let i = 161 + y. What are the prime factors of i?
2, 3, 11
Suppose -19*l - 2*l = -5796. What are the prime factors of l?
2, 3, 23
Suppose 18315 = 1642*s - 1627*s. List the prime factors of s.
3, 11, 37
List the prime factors of (25 - 0)*558/30.
3, 5, 31
Suppose 0 = 11*r - 4*r + 2485. Let j = -195 - r. List the prime factors of j.
2, 5
List the prime factors of (8/(-56))/((-1)/(-7)) - -2547.
2, 19, 67
Suppose -2*k - 1 = -5. Suppose 3*t = 0, -k*z - t + 174 = -2*t. List the prime factors of z.
3, 29
Suppose t = -3 + 4. Let m be ((-8 - t)/(-3))/3. Suppose m = -3*g + 2*l + 15, -5*g + 17 = 3*l. List the prime factors of g.
2
Let t(u) = -89*u - 121. What are the prime factors of t(-19)?
2, 5, 157
Suppose -t + 8 = -9. Suppose -6*l + 7 + t = 0. Suppose l*x + 32 = a - 0*x, -50 = -a - 2*x. What are the prime factors of a?
2, 11
What are the prime factors of (0 - -12) + -16 + 2172?
2, 271
Suppose 46*p = 38*p + 28656. What are the prime factors of p?
2, 3, 199
Let n(y) = 15*y**2 + 6*y - 7. Suppose 0 = i + i - 4. What are the prime factors of n(i)?
5, 13
Suppose 0 = 2*p - 3*u - 2203, 4441 = -p + 5*p + u. What are the prime factors of p?
1109
Suppose 5*i = -w + 199, -5*w = -6*i + 5*i - 1125. What are the prime factors of w?
2, 7
Let d = -73 + 67. Let m = 74 - d. List the prime factors of m.
2, 5
Let j be ((-6)/4)/(6/(-16)). Let r(q) = q + 1. Let f be r(j). Suppose -2*o - 57 = -f*o. List the prime factors of o.
19
Let i(g) be the third derivative of -g**5/60 + 3*g**3 - 4*g**2. What are the prime factors of i(0)?
2, 3
Suppose 7*p = 5*p + 6. Let a be (-36)/(-20) + 2/10. What are the prime factors of p/6*a + 11?
2, 3
Let c(u) = -2*u**3 - 17*u**2 - 29*u - 22. List the prime factors of c(-12).
2, 23, 29
Let b = 22 + -23. Let s(r) = -116*r**3 - 3*r**2 - 3*r. List the prime factors of s(b).
2, 29
Let k be 3/(9/39) - 0. Let x = k - 11. Suppose -2*i + 70 = -2*g - 0*g, 134 = 4*i + x*g. List the prime factors of i.
2, 17
Let z(w) = w**2 - 3*w - 4. Let j be (-1 - 1)/((-6)/(-33)). Let o = j - -8. List the prime factors of z(o).
2, 7
Let m be 31840/300 - (-4)/(-30). List the prim